.
-1
Let s(y) = -y**2 + 612*y + 4888. What is s(-8)?
-72
Let d(s) = 24*s**2 + 102*s - 13. Determine d(-5).
77
Let g(t) = 2*t**3 + 10*t**2 + 17*t - 14. Calculate g(-4).
-50
Let z(c) = 2028*c - 131814. What is z(65)?
6
Let y(x) = 3*x**2 + 531*x - 5627. Determine y(10).
-17
Let j(p) = -12*p**2 - 248*p - 455. Determine j(-2).
-7
Let v(n) = -196*n - 1087. Calculate v(-6).
89
Let z(f) = -7*f**2 - 435*f - 6504. Determine z(-25).
-4
Let v(a) = 181*a - 483. What is v(5)?
422
Let k(t) = t**2 + 184*t - 1736. Calculate k(9).
1
Let s(v) = 115*v - 3448. Determine s(30).
2
Let r(p) = p**3 + 84*p**2 - 79*p + 358. Determine r(-85).
-152
Let s(r) = -28*r - 1121. Calculate s(-40).
-1
Let u(j) = -2*j**3 + 31*j**2 - 41*j + 11. Give u(14).
25
Let f(l) = -l**3 - l**2 - 167*l - 492. Give f(-3).
27
Let w(o) = -66*o + 3770. What is w(57)?
8
Let z(q) = -27*q**2 + 619*q - 52. Determine z(23).
-98
Let t(b) = -41*b**2 - 14*b - 16. Determine t(-2).
-152
Let y(r) = -12*r**2 + 8*r - 44. Determine y(4).
-204
Let t(f) = f**3 + 46*f**2 + 380*f - 174. Calculate t(-35).
1
Let c(p) = -2*p**3 - 4*p**2 + 3*p + 7. Determine c(-4).
59
Let a(c) = 57*c**3 - 7*c**2 - c + 1. Determine a(1).
50
Let b(r) = 62*r - 1002. Give b(16).
-10
Let s(m) = -m**2 - 16*m - 65. Calculate s(10).
-325
Let h(q) = -q**3 + 6*q**2 + 19*q - 124. Give h(5).
-4
Let p(v) = 163*v + 531. Determine p(-3).
42
Let f(d) = d**2 + 1205*d - 9695. Calculate f(8).
9
Let s(y) = -1698*y - 10161. Give s(-6).
27
Let q(z) = -z**3 - 26*z**2 - 116*z + 37. Calculate q(-20).
-43
Let r(o) = o**2 + 39*o - 152. Give r(4).
20
Let j(w) = w**2 + 8*w + 29. Calculate j(-6).
17
Let n(l) = -l**3 - 40*l**2 - 5*l - 201. Calculate n(-40).
-1
Let f(z) = 444*z - 9. Calculate f(0).
-9
Let x(c) = -13*c**2 - 17*c - 9. Determine x(-3).
-75
Let v(y) = y**3 + 12*y**2 - 18*y + 39. Give v(-13).
104
Let x(j) = -j**3 + 39*j**2 - 298*j - 130. What is x(11)?
-20
Let j(k) = 39*k**3 + 11*k**2 + 6*k + 9. Give j(-2).
-271
Let w(a) = -5*a**2 + 92*a + 45. What is w(19)?
-12
Let m(w) = -24*w - 91. Give m(-3).
-19
Let o(t) = -64*t - 4724. Give o(-74).
12
Let s(b) = -b**3 + 2*b**2 + 23*b - 99. What is s(6)?
-105
Let z(h) = -15330*h - 122637. What is z(-8)?
3
Let r(a) = -a**2 + 14*a - 48. Give r(10).
-8
Let i(l) = 2429*l + 24270. What is i(-10)?
-20
Let l(o) = -o**2 - 34*o - 373. Determine l(-21).
-100
Let h(s) = s**3 - 42*s**2 + 39*s + 7. What is h(41)?
-75
Let d(p) = -p**3 - 5*p**2 + 61*p + 331. Determine d(-7).
2
Let f(v) = v**3 + 44*v**2 + 433*v + 15. Calculate f(-29).
73
Let j(r) = -7*r + 21. What is j(-7)?
70
Let k(s) = s**3 - s**2 - 17*s - 95. Determine k(-6).
-245
Let x(t) = -389*t + 31125. Determine x(80).
5
Let t(a) = 1263*a + 13896. Determine t(-11).
3
Let f(u) = u**2 - 42*u + 301. Give f(24).
-131
Let f(c) = c**2 + 26*c - 307. Give f(-43).
424
Let q(b) = -22*b - 511. Calculate q(-20).
-71
Let r(l) = -5*l**2 - 87*l - 30. Give r(-16).
82
Let r(l) = -l**3 - 15*l**2 + 63*l + 186. Calculate r(-19).
433
Let i(p) = p**3 - 11*p**2 - 32*p - 34. Calculate i(13).
-112
Let l(x) = -3*x**3 + 99*x**2 - 12*x + 310. Calculate l(33).
-86
Let j(d) = 3*d**3 + 3*d**2 - 13*d - 29. Give j(-2).
-15
Let c(y) = -y**3 + 9*y**2 - 7*y - 32. What is c(6)?
34
Let p(w) = -w**3 + 37*w**2 - 77*w + 256. Calculate p(35).
11
Let f(m) = -78*m - 5583. Determine f(-71).
-45
Let v(q) = 51*q + 3846. Determine v(-75).
21
Let k(u) = u**3 + 79*u**2 - 81*u - 65. Determine k(-80).
15
Let u(p) = -2*p**3 - 38*p**2 - 72*p - 50. Determine u(-17).
18
Let r(p) = -338*p + 509. Give r(3).
-505
Let s(o) = o**3 - 26*o**2 + 67*o + 44. What is s(23)?
-2
Let n(i) = -i**3 + 99*i**2 + 2245*i - 362. What is n(118)?
-8
Let k(u) = -63*u - 3144. Calculate k(-50).
6
Let k(u) = u**3 + 243*u**2 + 2990*u - 1. Give k(-230).
-1
Let p(v) = 2*v**3 - 19*v - 7. Determine p(-6).
-325
Let s(c) = 63*c + 1891. Give s(-27).
190
Let l(z) = 330*z - 3294. What is l(10)?
6
Let s(i) = 56*i - 418. Determine s(8).
30
Let w(a) = a**2 + 7*a - 809. Give w(-30).
-119
Let w(o) = -2*o**2 + 114*o - 244. Determine w(55).
-24
Let h(j) = 54*j - 47. Give h(9).
439
Let u(n) = -16*n**2 - 24*n - 11. Calculate u(-1).
-3
Let a(g) = g**2 + 511*g + 1013. What is a(-2)?
-5
Let s(i) = 2*i**2 + 282*i + 560. Calculate s(-139).
4
Let z(r) = -332*r - 660. What is z(-2)?
4
Let s(c) = -c**3 - 50*c**2 - 360*c - 2539. Give s(-43).
-2
Let q(i) = -i**3 + 18*i**2 - 110*i + 1239. Determine q(16).
-9
Let n(w) = -45*w + 2354. What is n(54)?
-76
Let z(q) = -4*q**2 - 964*q - 1914. What is z(-2)?
-2
Let s(y) = 35*y**2 - 37*y + 115. Calculate s(3).
319
Let b(a) = -a**2 + 48*a - 329. What is b(0)?
-329
Let z(a) = 1007*a + 9058. Determine z(-9).
-5
Let i(c) = -1029*c + 9268. Give i(9).
7
Let u(d) = d**3 - 53*d**2 - 34*d - 1077. What is u(54)?
3
Let y(q) = q**2 - 107*q + 1936. Give y(84).
4
Let j(x) = x**3 + 7*x**2 + 28*x - 1. What is j(0)?
-1
Let j(c) = 565*c + 5644. Calculate j(-10).
-6
Let z(m) = -12*m**2 - 39*m + 199. Give z(-6).
1
Let k(q) = -q**2 - 1809*q + 25525. Calculate k(14).
3
Let m(i) = -2*i**3 + i**2 - 10*i - 3. What is m(3)?
-78
Let t(s) = 19*s - 410. Calculate t(16).
-106
Let w(t) = t**3 - 234*t**2 + 229*t + 948. Determine w(233).
16
Let u(z) = -15*z + 2400. Calculate u(162).
-30
Let l(w) = -2*w**2 + 953*w + 4796. What is l(-5)?
-19
Let i(k) = 20*k**2 + 23*k - 35. Calculate i(1).
8
Let o(t) = t**3 - 113*t**2 + 100*t + 1335. Determine o(112).
-9
Let r(g) = 2*g**3 + 21*g**2 + 4*g - 3. Determine r(0).
-3
Let b(y) = -y**3 - 30*y**2 - 100*y + 120. Determine b(-26).
16
Let f(u) = 1590*u - 7925. Calculate f(5).
25
Let y(r) = r**2 - 36*r + 318. What is y(11)?
43
Let n(j) = j**2 - 93*j + 2028. Determine n(58).
-2
Let y(x) = 83*x - 1513. Determine y(22).
313
Let i(o) = -2*o**2 - 199*o + 299. What is i(0)?
299
Let r(z) = -z**2 + 31*z + 94. Calculate r(33).
28
Let x(m) = -32*m**2 + 1152*m - 93. Determine x(36).
-93
Let y(u) = 28*u - 23. What is y(-10)?
-303
Let k(q) = 4*q**2 + 56*q + 170. What is k(-6)?
-22
Let y(u) = -3*u**2 - 207*u - 580. What is y(-66)?
14
Let r(k) = k**2 + 23*k - 1. Determine r(-28).
139
Let w(x) = -1276*x - 35723. Calculate w(-28).
5
Let f(m) = m**3 - 95*m**2 - 22*m + 2100. Calculate f(95).
10
Let q(w) = 7*w**2 + 189*w - 401. Determine q(-29).
5
Let a(l) = -2*l**2 + 6*l + 29. Determine a(-8).
-147
Let w(d) = -685*d - 5622. Determine w(-8).
-142
Let t(c) = -2*c**2 - 6*c + 62. Give t(-10).
-78
Let w(t) = 184*t - 22083. Calculate w(120).
-3
Let b(s) = 4*s**2 - 202*s + 469. Calculate b(48).
-11
Let t(u) = 284*u + 1659. Calculate t(-6).
-45
Let r(h) = -64*h**2 - 2690*h - 93. Determine r(-42).
-9
Let s(o) = 43*o**2 - 310*o + 8. Calculate s(7).
-55
Let p(w) = -3*w - 659. Determine p(-51).
-506
Let m(h) = -h**2 - 8*h + 168. What is m(-17)?
15
Let g(u) = -u**2 + 25*u - 124. What is g(19)?
-10
Let o(j) = j - 128. What is o(74)?
-54
Let g(p) = -2*p**3 - p**2 - 10*p + 10. Calculate g(3).
-83
Let a(i) = -i**3 - 37*i**2 + 16*i + 644. Calculate a(-37).
52
Let v(t) = 18*t + 363. Calculate v(-19).
21
Let z(b) = 17609*b + 123252. Calculate z(-7).
-11
Let j(u) = -45*u**3 - 2*u**2 - 2*u - 1. Calculate j(-1).
44
Let n(i) = 142*i - 1442. What is n(10)?
-22
Let u(b) = -2*b**2 + 41*b + 784. Determine u(32).
48
Let l(k) = -5*k - 87. What is l(-4)?
-67
Let w(t) = -8772*t - 87706. Determine w(-10).
14
Let w(t) = 14*t**2 - 476*t + 18. Determine w(34).
18
Let r(c) = c**3 - c**2 - 12*c + 5. Determine r(0).
5
Let i(g) = -2*g**3 + 81*g**2 - 117*g + 88. Give i(39).
88
Let l(q) = -9*q**2 + 89*q + 427. Determine l(-5).
-243
Let k(a) = 2*a**2 - 33*a + 107. Calculate k(5).
-8
Let h(q) = -2151*q - 9. Determine h(0).
-9
Let r(q) = 16*q**2 + 2301*q - 341. Calculate r(-144).
91
Let a(c) = 3240*c - 22672. Determine a(7).
8
Let h(m) = -19*m**2 + 74*m - 73. Give h(1).
-18
Let n(r) = 4*r**3 - 180*r**2 + 505*r - 35. What is n(42)?
7
Let w(d) = -31*d + 1269. Determine w(36).
153
Let s(u) = 3*u**3 + 7*u**2 - 32*u + 23. Calculate s(2).
11
Let m(i) = 39*i - 292. What is m(7)?
-19
Let s(j) = -28*j + 1185. Determine s(52).
-271
Let q(v) = 18*v - 37. Calculate q(6).
71
Let q(c) = 3*c**2 - 224*c + 982. Calculate q(70).
2
Let z(p) = 173*p + 3830. Calculate z(-22).
24
Let h(p) = -14*p**2 + 14*p + 32. Determine h(-4).
-248
Let i(u) = 360*u - 131398. Give i(365).
2
Let r(m) = -m**2 - 53*m - 231. What is r(-46)?
